{"id":2,"date":"2015-04-10T23:36:51","date_gmt":"2015-04-10T23:36:51","guid":{"rendered":"http:\/\/www.sortirdeparisavelo.fr\/blog\/?page_id=2"},"modified":"2025-01-23T15:14:32","modified_gmt":"2025-01-23T14:14:32","slug":"a-propos","status":"publish","type":"page","link":"http:\/\/www.sortirdeparisavelo.fr\/blog\/a-propos\/","title":{"rendered":"A propos"},"content":{"rendered":"<p>Ce site est le blog de mon site principal <a href=\"http:\/\/www.sortirdeparisavelo.fr\/\" target=\"_blank\" rel=\"noopener\">Sortir de Paris \u00e0 V\u00e9lo<\/a> qui propose de faire d\u00e9couvrir quelques itin\u00e9raires pour pouvoir sortir de Paris \u00e0 v\u00e9lo sans pour autant trop rouler avec les voitures. Sur mon site principal, j&rsquo;essaie de v\u00e9rifier r\u00e9guli\u00e8rement que les trajets que j&rsquo;y propose restent pertinents : en 1 an, en mati\u00e8re de cyclabilit\u00e9 \u00e0 Paris et en Ile-de-France, il peut se passer beaucoup de choses. J&rsquo;aurais bien aim\u00e9 trouver ce site il y a bien longtemps, donc je l&rsquo;ai fait.<\/p>\n<p>Ce blog sera mis \u00e0 jour plus souvent, \u00e0 l&rsquo;occasion de ce que je peux croiser \u00e0 Paris et en Ile-de-France.<\/p>\n<p>Attention, pour l&rsquo;instant, mon site principal n&rsquo;est pas commode \u00e0 utiliser sur un t\u00e9l\u00e9phone, il faut mieux le voir sur une tablette ou un ordinateur de bureau. Ce blog en revanche devrait fonctionner correctement sur mobile.<\/p>\n<p>Emmanuel Marin<\/p>\n<p>PS : Eh bien finalement, m\u00eame remplir ce blog prend trop de temps. Le site de base est lui assez obsol\u00e8te maintenant (bonne nouvelle, c&rsquo;est bien plus pour de bonnes raisons que de mauvaises). Maintenant, question v\u00e9lo, je ne fais que poster sur Bluesky.<\/p>\n","protected":false},"excerpt":{"rendered":"<p>Ce site est le blog de mon site principal Sortir de Paris \u00e0 V\u00e9lo qui propose de faire d\u00e9couvrir quelques itin\u00e9raires pour pouvoir sortir de Paris \u00e0 v\u00e9lo sans pour autant trop rouler avec les voitures. Sur mon site principal, j&rsquo;essaie de v\u00e9rifier r\u00e9guli\u00e8rement que les trajets que j&rsquo;y propose restent pertinents : en 1 [&hellip;]<\/p>\n","protected":false},"author":1,"featured_media":0,"parent":0,"menu_order":0,"comment_status":"open","ping_status":"open","template":"","meta":{"_monsterinsights_skip_tracking":false,"_monsterinsights_sitenote_active":false,"_monsterinsights_sitenote_note":"","_monsterinsights_sitenote_category":0,"_uf_show_specific_survey":0,"_uf_disable_surveys":false,"footnotes":""},"class_list":["post-2","page","type-page","status-publish","hentry","post-preview"],"_links":{"self":[{"href":"http:\/\/www.sortirdeparisavelo.fr\/blog\/wp-json\/wp\/v2\/pages\/2","targetHints":{"allow":["GET"]}}],"collection":[{"href":"http:\/\/www.sortirdeparisavelo.fr\/blog\/wp-json\/wp\/v2\/pages"}],"about":[{"href":"http:\/\/www.sortirdeparisavelo.fr\/blog\/wp-json\/wp\/v2\/types\/page"}],"author":[{"embeddable":true,"href":"http:\/\/www.sortirdeparisavelo.fr\/blog\/wp-json\/wp\/v2\/users\/1"}],"replies":[{"embeddable":true,"href":"http:\/\/www.sortirdeparisavelo.fr\/blog\/wp-json\/wp\/v2\/comments?post=2"}],"version-history":[{"count":9,"href":"http:\/\/www.sortirdeparisavelo.fr\/blog\/wp-json\/wp\/v2\/pages\/2\/revisions"}],"predecessor-version":[{"id":2025,"href":"http:\/\/www.sortirdeparisavelo.fr\/blog\/wp-json\/wp\/v2\/pages\/2\/revisions\/2025"}],"wp:attachment":[{"href":"http:\/\/www.sortirdeparisavelo.fr\/blog\/wp-json\/wp\/v2\/media?parent=2"}],"curies":[{"name":"wp","href":"https:\/\/api.w.org\/{rel}","templated":true}]}}